{"id":137,"date":"2021-10-30T19:38:34","date_gmt":"2021-10-30T11:38:34","guid":{"rendered":"https:\/\/www.chesterhwang.top\/?page_id=137"},"modified":"2025-11-04T16:02:17","modified_gmt":"2025-11-04T08:02:17","slug":"edimbourg-edinburgh-%e7%88%b1%e4%b8%81%e5%a0%a1","status":"publish","type":"page","link":"https:\/\/www.ch3st3rr.link\/?page_id=137","title":{"rendered":"\u00c9dimbourg \/ Edinburgh \/ \u7231\u4e01\u5821"},"content":{"rendered":"\n<div class=\"wp-block-media-text alignwide is-stacked-on-mobile is-vertically-aligned-center\"><figure class=\"wp-block-media-text__media\"><video controls src=\"https:\/\/www.ch3st3rr.link\/wp-content\/uploads\/2025\/11\/IMG_4716-1.mov\"><\/video><\/figure><div class=\"wp-block-media-text__content\">\n<h2 class=\"wp-block-heading\">Arbre encore \/ Tree still \/ \u6811\u72b9\u5982\u6b64<\/h2>\n\n\n\n<p>29 Oct 2021<\/p>\n<\/div><\/div>\n\n\n\n<div class=\"wp-block-media-text alignwide is-stacked-on-mobile\"><figure class=\"wp-block-media-text__media\"><video controls src=\"https:\/\/www.ch3st3rr.link\/wp-content\/uploads\/2025\/11\/IMG_5434-1.mov\"><\/video><\/figure><div class=\"wp-block-media-text__content\">\n<h2 class=\"wp-block-heading\">Pelouse resurgie \/ Meadows resurrected \/ \u8349\u4e5f\u590d\u6d3b<\/h2>\n\n\n\n<p>4 Jan 2022<\/p>\n<\/div><\/div>\n\n\n\n<div class=\"wp-block-media-text alignwide is-stacked-on-mobile is-vertically-aligned-center\"><figure class=\"wp-block-media-text__media\"><video controls src=\"https:\/\/www.ch3st3rr.link\/wp-content\/uploads\/2025\/11\/IMG_5479.mov\"><\/video><\/figure><div class=\"wp-block-media-text__content\">\n<h2 class=\"wp-block-heading\">Bas-c\u00f4t\u00e9 promen\u00e9 \/ Promenading pavement \/ \u53e4\u9053\u6563\u6b65<\/h2>\n\n\n\n<p>15 Jun 2022<\/p>\n<\/div><\/div>\n","protected":false},"excerpt":{"rendered":"<p>Arbre encore \/ Tree still \/ \u6811\u72b9\u5982\u6b64 29 Oct 2021 Pelouse resurgie \/ Meadows resurrected \/ \u8349\u4e5f\u590d\u6d3b 4 Jan 2022 Bas-c\u00f4t\u00e9 promen\u00e9 \/ Promenading pavement \/ \u53e4\u9053\u6563\u6b65 15 Jun 2022<\/p>\n","protected":false},"author":1,"featured_media":0,"parent":0,"menu_order":0,"comment_status":"closed","ping_status":"closed","template":"","meta":{"footnotes":""},"class_list":["post-137","page","type-page","status-publish","hentry"],"_links":{"self":[{"href":"https:\/\/www.ch3st3rr.link\/index.php?rest_route=\/wp\/v2\/pages\/137","targetHints":{"allow":["GET"]}}],"collection":[{"href":"https:\/\/www.ch3st3rr.link\/index.php?rest_route=\/wp\/v2\/pages"}],"about":[{"href":"https:\/\/www.ch3st3rr.link\/index.php?rest_route=\/wp\/v2\/types\/page"}],"author":[{"embeddable":true,"href":"https:\/\/www.ch3st3rr.link\/index.php?rest_route=\/wp\/v2\/users\/1"}],"replies":[{"embeddable":true,"href":"https:\/\/www.ch3st3rr.link\/index.php?rest_route=%2Fwp%2Fv2%2Fcomments&post=137"}],"version-history":[{"count":8,"href":"https:\/\/www.ch3st3rr.link\/index.php?rest_route=\/wp\/v2\/pages\/137\/revisions"}],"predecessor-version":[{"id":609,"href":"https:\/\/www.ch3st3rr.link\/index.php?rest_route=\/wp\/v2\/pages\/137\/revisions\/609"}],"wp:attachment":[{"href":"https:\/\/www.ch3st3rr.link\/index.php?rest_route=%2Fwp%2Fv2%2Fmedia&parent=137"}],"curies":[{"name":"wp","href":"https:\/\/api.w.org\/{rel}","templated":true}]}}